{"id":727,"date":"2022-11-28T10:46:24","date_gmt":"2022-11-28T10:46:24","guid":{"rendered":"https:\/\/cano.com.co\/nueva\/?page_id=727"},"modified":"2023-01-31T22:27:32","modified_gmt":"2023-01-31T22:27:32","slug":"nubia-valdivieso","status":"publish","type":"page","link":"https:\/\/cano.com.co\/nueva\/leadership\/nubia-valdivieso\/","title":{"rendered":"Nubia Valdivieso"},"content":{"rendered":"<div class=\"wpb-content-wrapper\"><p>[vc_row full_width=&#8221;stretch_row_content_no_spaces&#8221; disable_element=&#8221;yes&#8221;][vc_column][rev_slider_vc alias=&#8221;About_Personal_Slider&#8221;][\/vc_column][\/vc_row][vc_row css=&#8221;.vc_custom_1669632131693{margin-top: 80px !important;}&#8221;][vc_column width=&#8221;2\/3&#8243;][vc_column_text]<\/p>\n<h1>Nubia Valdivieso<\/h1>\n<h3>Directora Creativa<\/h3>\n<p>[\/vc_column_text][vc_column_text]Con 10 a\u00f1os de experiencia como dise\u00f1adora de la comunicaci\u00f3n gr\u00e1fica, Nubia es la directora creativa que lidera y apoya todos los procesos de dise\u00f1o en Cano.<\/p>\n<p>Tiene una inmensa capacidad de an\u00e1lisis que le permite conocer y entender a la perfecci\u00f3n la identidad de cada marca, para transmitirla de manera creativa y oportuna a trav\u00e9s cada dise\u00f1o. Los proyectos que ha realizado le permiten tener un nivel superlativo en la ejecuci\u00f3n de material publicitario, dise\u00f1o de la informaci\u00f3n, dise\u00f1o editorial, packaging, comunicaci\u00f3n digital, entre otras<\/p>\n<p><b>Clientes<\/b> <b>Destacados<\/b><b>:<\/b><\/p>\n<p>Oster, Johnson &amp; Johnson, Campofert, C\u00e1mara sectorial de salud ANDI, Ofixpress, Bristol Myers Squibb.[\/vc_column_text][\/vc_column][vc_column width=&#8221;1\/3&#8243;][vc_single_image image=&#8221;600&#8243; img_size=&#8221;full&#8221;][\/vc_column][\/vc_row]<\/p>\n<\/div>","protected":false},"excerpt":{"rendered":"<p>[vc_row full_width=&#8221;stretch_row_content_no_spaces&#8221; disable_element=&#8221;yes&#8221;][vc_column][rev_slider_vc alias=&#8221;About_Personal_Slider&#8221;][\/vc_column][\/vc_row][vc_row css=&#8221;.vc_custom_1669632131693{margin-top: 80px !important;}&#8221;][vc_column width=&#8221;2\/3&#8243;][vc_column_text] Nubia Valdivieso Directora Creativa [\/vc_column_text][vc_column_text]Con 10 a\u00f1os de experiencia como dise\u00f1adora de [&hellip;]<\/p>\n","protected":false},"author":3,"featured_media":0,"parent":16,"menu_order":0,"comment_status":"open","ping_status":"closed","template":"","meta":{"footnotes":""},"class_list":["post-727","page","type-page","status-publish","hentry"],"yoast_head":"<!-- This site is optimized with the Yoast SEO plugin v27.5 - https:\/\/yoast.com\/product\/yoast-seo-wordpress\/ -->\n<title>Nubia Valdivieso - Welcome<\/title>\n<meta name=\"robots\" content=\"index, follow, max-snippet:-1, max-image-preview:large, max-video-preview:-1\" \/>\n<link rel=\"canonical\" href=\"https:\/\/cano.com.co\/nueva\/leadership\/nubia-valdivieso\/\" \/>\n<meta property=\"og:locale\" content=\"es_ES\" \/>\n<meta property=\"og:type\" content=\"article\" \/>\n<meta property=\"og:title\" content=\"Nubia Valdivieso - Welcome\" \/>\n<meta property=\"og:description\" content=\"[vc_row full_width=&#8221;stretch_row_content_no_spaces&#8221; disable_element=&#8221;yes&#8221;][vc_column][rev_slider_vc alias=&#8221;About_Personal_Slider&#8221;][\/vc_column][\/vc_row][vc_row css=&#8221;.vc_custom_1669632131693{margin-top: 80px !important;}&#8221;][vc_column width=&#8221;2\/3&#8243;][vc_column_text] Nubia Valdivieso Directora Creativa [\/vc_column_text][vc_column_text]Con 10 a\u00f1os de experiencia como dise\u00f1adora de [&hellip;]\" \/>\n<meta property=\"og:url\" content=\"https:\/\/cano.com.co\/nueva\/leadership\/nubia-valdivieso\/\" \/>\n<meta property=\"og:site_name\" content=\"Welcome\" \/>\n<meta property=\"article:modified_time\" content=\"2023-01-31T22:27:32+00:00\" \/>\n<meta name=\"twitter:card\" content=\"summary_large_image\" \/>\n<meta name=\"twitter:label1\" content=\"Tiempo de lectura\" \/>\n\t<meta name=\"twitter:data1\" content=\"1 minuto\" \/>\n<script type=\"application\/ld+json\" class=\"yoast-schema-graph\">{\"@context\":\"https:\\\/\\\/schema.org\",\"@graph\":[{\"@type\":\"WebPage\",\"@id\":\"https:\\\/\\\/cano.com.co\\\/nueva\\\/leadership\\\/nubia-valdivieso\\\/\",\"url\":\"https:\\\/\\\/cano.com.co\\\/nueva\\\/leadership\\\/nubia-valdivieso\\\/\",\"name\":\"Nubia Valdivieso - Welcome\",\"isPartOf\":{\"@id\":\"http:\\\/\\\/cano.com.co\\\/nueva\\\/#website\"},\"datePublished\":\"2022-11-28T10:46:24+00:00\",\"dateModified\":\"2023-01-31T22:27:32+00:00\",\"breadcrumb\":{\"@id\":\"https:\\\/\\\/cano.com.co\\\/nueva\\\/leadership\\\/nubia-valdivieso\\\/#breadcrumb\"},\"inLanguage\":\"es-CO\",\"potentialAction\":[{\"@type\":\"ReadAction\",\"target\":[\"https:\\\/\\\/cano.com.co\\\/nueva\\\/leadership\\\/nubia-valdivieso\\\/\"]}]},{\"@type\":\"BreadcrumbList\",\"@id\":\"https:\\\/\\\/cano.com.co\\\/nueva\\\/leadership\\\/nubia-valdivieso\\\/#breadcrumb\",\"itemListElement\":[{\"@type\":\"ListItem\",\"position\":1,\"name\":\"Home\",\"item\":\"https:\\\/\\\/cano.com.co\\\/nueva\\\/\"},{\"@type\":\"ListItem\",\"position\":2,\"name\":\"Leadership\",\"item\":\"https:\\\/\\\/cano.com.co\\\/nueva\\\/leadership\\\/\"},{\"@type\":\"ListItem\",\"position\":3,\"name\":\"Nubia Valdivieso\"}]},{\"@type\":\"WebSite\",\"@id\":\"http:\\\/\\\/cano.com.co\\\/nueva\\\/#website\",\"url\":\"http:\\\/\\\/cano.com.co\\\/nueva\\\/\",\"name\":\"Welcome\",\"description\":\"\",\"potentialAction\":[{\"@type\":\"SearchAction\",\"target\":{\"@type\":\"EntryPoint\",\"urlTemplate\":\"http:\\\/\\\/cano.com.co\\\/nueva\\\/?s={search_term_string}\"},\"query-input\":{\"@type\":\"PropertyValueSpecification\",\"valueRequired\":true,\"valueName\":\"search_term_string\"}}],\"inLanguage\":\"es-CO\"}]}<\/script>\n<!-- \/ Yoast SEO plugin. -->","yoast_head_json":{"title":"Nubia Valdivieso - Welcome","robots":{"index":"index","follow":"follow","max-snippet":"max-snippet:-1","max-image-preview":"max-image-preview:large","max-video-preview":"max-video-preview:-1"},"canonical":"https:\/\/cano.com.co\/nueva\/leadership\/nubia-valdivieso\/","og_locale":"es_ES","og_type":"article","og_title":"Nubia Valdivieso - Welcome","og_description":"[vc_row full_width=&#8221;stretch_row_content_no_spaces&#8221; disable_element=&#8221;yes&#8221;][vc_column][rev_slider_vc alias=&#8221;About_Personal_Slider&#8221;][\/vc_column][\/vc_row][vc_row css=&#8221;.vc_custom_1669632131693{margin-top: 80px !important;}&#8221;][vc_column width=&#8221;2\/3&#8243;][vc_column_text] Nubia Valdivieso Directora Creativa [\/vc_column_text][vc_column_text]Con 10 a\u00f1os de experiencia como dise\u00f1adora de [&hellip;]","og_url":"https:\/\/cano.com.co\/nueva\/leadership\/nubia-valdivieso\/","og_site_name":"Welcome","article_modified_time":"2023-01-31T22:27:32+00:00","twitter_card":"summary_large_image","twitter_misc":{"Tiempo de lectura":"1 minuto"},"schema":{"@context":"https:\/\/schema.org","@graph":[{"@type":"WebPage","@id":"https:\/\/cano.com.co\/nueva\/leadership\/nubia-valdivieso\/","url":"https:\/\/cano.com.co\/nueva\/leadership\/nubia-valdivieso\/","name":"Nubia Valdivieso - Welcome","isPartOf":{"@id":"http:\/\/cano.com.co\/nueva\/#website"},"datePublished":"2022-11-28T10:46:24+00:00","dateModified":"2023-01-31T22:27:32+00:00","breadcrumb":{"@id":"https:\/\/cano.com.co\/nueva\/leadership\/nubia-valdivieso\/#breadcrumb"},"inLanguage":"es-CO","potentialAction":[{"@type":"ReadAction","target":["https:\/\/cano.com.co\/nueva\/leadership\/nubia-valdivieso\/"]}]},{"@type":"BreadcrumbList","@id":"https:\/\/cano.com.co\/nueva\/leadership\/nubia-valdivieso\/#breadcrumb","itemListElement":[{"@type":"ListItem","position":1,"name":"Home","item":"https:\/\/cano.com.co\/nueva\/"},{"@type":"ListItem","position":2,"name":"Leadership","item":"https:\/\/cano.com.co\/nueva\/leadership\/"},{"@type":"ListItem","position":3,"name":"Nubia Valdivieso"}]},{"@type":"WebSite","@id":"http:\/\/cano.com.co\/nueva\/#website","url":"http:\/\/cano.com.co\/nueva\/","name":"Welcome","description":"","potentialAction":[{"@type":"SearchAction","target":{"@type":"EntryPoint","urlTemplate":"http:\/\/cano.com.co\/nueva\/?s={search_term_string}"},"query-input":{"@type":"PropertyValueSpecification","valueRequired":true,"valueName":"search_term_string"}}],"inLanguage":"es-CO"}]}},"jetpack_sharing_enabled":true,"_links":{"self":[{"href":"https:\/\/cano.com.co\/nueva\/wp-json\/wp\/v2\/pages\/727","targetHints":{"allow":["GET"]}}],"collection":[{"href":"https:\/\/cano.com.co\/nueva\/wp-json\/wp\/v2\/pages"}],"about":[{"href":"https:\/\/cano.com.co\/nueva\/wp-json\/wp\/v2\/types\/page"}],"author":[{"embeddable":true,"href":"https:\/\/cano.com.co\/nueva\/wp-json\/wp\/v2\/users\/3"}],"replies":[{"embeddable":true,"href":"https:\/\/cano.com.co\/nueva\/wp-json\/wp\/v2\/comments?post=727"}],"version-history":[{"count":4,"href":"https:\/\/cano.com.co\/nueva\/wp-json\/wp\/v2\/pages\/727\/revisions"}],"predecessor-version":[{"id":759,"href":"https:\/\/cano.com.co\/nueva\/wp-json\/wp\/v2\/pages\/727\/revisions\/759"}],"up":[{"embeddable":true,"href":"https:\/\/cano.com.co\/nueva\/wp-json\/wp\/v2\/pages\/16"}],"wp:attachment":[{"href":"https:\/\/cano.com.co\/nueva\/wp-json\/wp\/v2\/media?parent=727"}],"curies":[{"name":"wp","href":"https:\/\/api.w.org\/{rel}","templated":true}]}}